20767?
6
What is the hundred thousands digit of 73303631?
3
What is the tens digit of 1483049039?
3
What is the units digit of 451958110?
0
What is the tens digit of 375189802?
0
What is the millions digit of 85054858?
5
What is the hundred thousands digit of 15279579?
2
What is the hundred thousands digit of 224815559?
8
What is the ten thousands digit of 3062568118?
6
What is the thousands digit of 417002690?
2
What is the tens digit of 2828776632?
3
What is the hundred thousands digit of 148504944?
5
What is the hundred thousands digit of 2983467?
9
What is the millions digit of 133950818?
3
What is the ten millions digit of 5504308449?
0
What is the tens digit of 735792710?
1
What is the ten millions digit of 937109276?
3
What is the hundreds digit of 74594595?
5
What is the hundreds digit of 1111058439?
4
What is the tens digit of 89900260?
6
What is the ten thousands digit of 111392449?
9
What is the thousands digit of 714508063?
8
What is the tens digit of 3053483066?
6
What is the hundreds digit of 356696257?
2
What is the billions digit of 5363864554?
5
What is the hundred millions digit of 413148896?
4
What is the ten thousands digit of 40940998?
4
What is the ten thousands digit of 86401733?
0
What is the ten thousands digit of 130466886?
6
What is the hundreds digit of 4737830063?
0
What is the thousands digit of 669251290?
1
What is the millions digit of 104620020?
4
What is the hundreds digit of 70835637?
6
What is the hundreds digit of 560978618?
6
What is the hundreds digit of 111716831?
8
What is the ten thousands digit of 211729198?
2
What is the ten millions digit of 872030650?
7
What is the units digit of 655333857?
7
What is the millions digit of 120147742?
0
What is the units digit of 11257296?
6
What is the thousands digit of 190709983?
9
What is the tens digit of 609227692?
9
What is the ten thousands digit of 29074738?
7
What is the millions digit of 16703046?
6
What is the billions digit of 4970688664?
4
What is the millions digit of 390452192?
0
What is the units digit of 3340586099?
9
What is the tens digit of 95964097?
9
What is the ten millions digit of 438017317?
3
What is the ten thousands digit of 761968296?
6
What is the hundred millions digit of 442454301?
4
What is the tens digit of 5864126?
2
What is the thousands digit of 2293224760?
4
What is the millions digit of 33629050?
3
What is the ten thousands digit of 2536193393?
9
What is the hundreds digit of 38621419?
4
What is the thousands digit of 2805761181?
1
What is the tens digit of 496251?
5
What is the millions digit of 76428341?
6
What is the ten thousands digit of 290578522?
7
What is the ten millions digit of 1318478225?
1
What is the ten thousands digit of 41684079?
8
What is the units digit of 365722?
2
What is the hundred thousands digit of 146227513?
2
What is the hundred thousands digit of 1171733738?
7
What is the units digit of 39959103?
3
What is the units digit of 1076923066?
6
What is the thousands digit of 249387622?
7
What is the tens digit of 348335964?
6
What is the units digit of 7022895?
5
What is the units digit of 53219088?
8
What is the billions digit of 2525957325?
2
What is the ten thousands digit of 430864882?
6
What is the millions digit of 45735689?
5
What is the thousands digit of 16196190?
6
What is the thousands digit of 78534002?
4
What is the ten thousands digit of 322594593?
9
What is the thousands digit of 927344553?
4
What is the units digit of 5969591?
1
What is the ten thousands digit of 79343415?
4
What is the ten millions digit of 2156891065?
5
What is the thousands digit of 56712514?
2
What is the hundred millions digit of 1031704800?
0
What is the thousands digit of 159931924?
1
What is the tens digit of 160560544?
4
What is the hundred millions digit of 577705267?
5
What is the tens digit of 1789807342?
4
What is the hundreds digit of 436698532?
5
What is the hundreds digit of 603942723?
7
What is the billions digit of 3213174848?
3
What is the hundreds digit of 523283034?
0
What is the millions digit of 77716590?
7
What is the hundred millions digit of 122720659?
1
What is the units digit of 24598848?
8
What is the ten thousands digit of 573107876?
0
What is the units digit of 1600696681?
1
What is the thousands digit of 24250471?
0
What is the thousands digit of 154185248?
5
What is the units digit of 1261970831?
1
What is the hundred thousands digit of 471989114?
9
What is the millions digit of 790146510?
0
What is the hundreds digit of 59592014?
0
What is the thousands digit of 133825829?
5
What is the hundred thousands digit of 367174758?
1
What is the tens digit of 2156409783?
8
What is the units digit of 645201401?
1
What is the thousands digit of 31573776?
3
What is the hundreds digit of 40521486?
4
What is the hundred thousands digit of 138828312?
8
What is the units digit of 374121353?
3
What is the ten millions digit of 36647768?
3
What is the ten millions digit of 2015950887?
1
What is the ten thousands digit of 334567400?
6
What is the hundred millions digit of 1788137030?
7
What is the ten thousands digit of 184167686?
6
What is the tens digit of 406667371?
7
What is the hundred thousands digit of 4462220361?
2
What is the thousands digit of 3796159?
6
What is the hundred millions digit of 855430939?
8
What is the hundred millions digit of 406151172?
4
What is the ten millions digit of 52100090?
5
What is the thousands digit of 889196028?
6
What is the thousands digit of 137890812?
0
What is the thousands digit of 1387531069?
1
What is the units digit of 166809843?
3
What is the hundreds digit of 38118151?
1
What is the thousands digit of 4346324693?
4
What is the millions digit of 7871174859?
1
What is the hundred millions digit of 1971610721?
9
What is the thousands digit of 111839680?
9
What is the units digit of 609759073?
3
What is the millions digit of 584947974?
4
What is the tens digit of 4098950395?
9
What is the ten thousands digit of 79166397?
6
What is the hundred thousands digit of 95966568?
9
What is the hundred millions digit of 917741995?
9
What is the millions digit of 278814004?
8
What is the ten millions digit of 31216494?
3
What is the hundred thousands digit of 172255604?
2
What is the thousands digit of 184101805?
1
What is the tens digit of 620589483?
8
What is the tens digit of 332108227?
2
What is the hundred millions digit of 112926560?
1
What is the millions digit of 141925983?
1
What is the tens digit of 887379841?
4
What is the ten thousands digit of 130627203?
2
What is the ten millions digit of 88757703?
8
What is the tens digit of 35308526?
2
What is the hundred thousands digit of 7528810651?
8
What is the ten thousands digit of 198702712?
0
What is the thousands digit of 424411308?
1
What is the billions digit of 4068747590?
4
What is the hundred thousands digit of 7315383?
3
What is the hundreds digit of 1396900664?
6
What is the tens digit of 675413802?
0
What is the millions digit of 229624546?
9
What is the ten millions digit of 20483773?
2
What is the hundreds digit of 6007434?
4
What is the hundreds digit of 35021260?
2
What is the millions digit of 51402528?
1
What is the hundred thousands digit of 3381001611?
0
What is the tens digit of 1729049997?
9
What is the thousands digit of 263114783?
4
What is the hundred thousands digit of 2295105076?
1
What is the units digit of 839623864?
4
What is the hundred thousands digit of 313819494?
8
What is the tens digit of 53686738?
3
What is the ten millions digit of 56592399?
5
What is the millions digit of 2799667947?
9
What is the millions digit of 58210017?
8
What is the hundred millions digit of 411350235?
4
What is the thousands digit of 353391223?
1
What is the thousands digit of 760242166?
2
What is the hundreds digit of 69693367?
3
What is the units digit of 52632974?
4
What is the billions digit of 1430701913?
1
What is the thousands digit of 420121570?
1
What is the hundred thousands digit of 484136615?
1
What is the millions digit of 231660475?
1
What is the hundreds digit of 49347677?
6
What is the billions digit of 1824947793?
1
What is the hundred thousands digit of 3441587171?
5
What is the units digit of 113999596?
6
What is the hundreds digit of 136947682?
6
What is the hundred millions digit o